{"id":46,"date":"2014-12-05T16:40:31","date_gmt":"2014-12-05T14:40:31","guid":{"rendered":"http:\/\/cafe-fritz-weil.de\/?page_id=46"},"modified":"2021-04-23T10:33:04","modified_gmt":"2021-04-23T08:33:04","slug":"fototorten","status":"publish","type":"page","link":"https:\/\/www.cafe-fritz-weil.de\/?page_id=46","title":{"rendered":"Fototorten"},"content":{"rendered":"\n<h2 class=\"wp-block-heading\"><img loading=\"lazy\" decoding=\"async\" width=\"600\" height=\"400\" class=\"wp-image-1097\" style=\"width: 600px;\" src=\"https:\/\/www.cafe-fritz-weil.de\/wp-content\/uploads\/2021\/04\/fototorte1-1024x682-2.jpg\" alt=\"\" srcset=\"https:\/\/www.cafe-fritz-weil.de\/wp-content\/uploads\/2021\/04\/fototorte1-1024x682-2.jpg 1024w, https:\/\/www.cafe-fritz-weil.de\/wp-content\/uploads\/2021\/04\/fototorte1-1024x682-2-300x200.jpg 300w, https:\/\/www.cafe-fritz-weil.de\/wp-content\/uploads\/2021\/04\/fototorte1-1024x682-2-768x512.jpg 768w\" sizes=\"auto, (max-width: 600px) 100vw, 600px\" \/><\/h2>\n\n\n<p>Ihre Fototorte gibt es in Gr\u00f6\u00dfen bis maximal DIN A4,<\/p>\n<p>mit verschiedenen Geschmacksrichtungen<br \/>z.B. Schoko, Erdbeere, Aprikose, Zitrone, uvm.<\/p>\n<p>Bestellung auch via Whatsapp oder Email m\u00f6glich <a href=\"mailto:fritz@cafe-fritz-weil.de\">fritz@cafe-fritz-weil.de <\/a><br \/>Einfach das Foto als Anhang einf\u00fcgen und uns zusenden. Sie k\u00f6nnen das Bild dann innerhalb von ein bis zwei Werktagen bei uns abholen.<br \/>Mit einer Torte nach Wahl, aber auch ohne Torte.<\/p>","protected":false},"excerpt":{"rendered":"<p>Ihre Fototorte gibt es in Gr\u00f6\u00dfen bis maximal DIN A4, mit verschiedenen Geschmacksrichtungenz.B. Schoko, Erdbeere, Aprikose, Zitrone, uvm. Bestellung auch via Whatsapp oder Email m\u00f6glich fritz@cafe-fritz-weil.de Einfach das Foto als Anhang einf\u00fcgen und uns zusenden. Sie k\u00f6nnen das Bild dann innerhalb von ein bis zwei Werktagen bei uns abholen.Mit einer Torte nach Wahl, aber auch &hellip; <a href=\"https:\/\/www.cafe-fritz-weil.de\/?page_id=46\" class=\"more-link\"><span class=\"screen-reader-text\">Fototorten<\/span> weiterlesen <span class=\"meta-nav\">&rarr;<\/span><\/a><\/p>\n","protected":false},"author":1,"featured_media":0,"parent":0,"menu_order":5,"comment_status":"closed","ping_status":"closed","template":"","meta":{"ngg_post_thumbnail":0,"footnotes":""},"class_list":["post-46","page","type-page","status-publish","hentry"],"_links":{"self":[{"href":"https:\/\/www.cafe-fritz-weil.de\/index.php?rest_route=\/wp\/v2\/pages\/46","targetHints":{"allow":["GET"]}}],"collection":[{"href":"https:\/\/www.cafe-fritz-weil.de\/index.php?rest_route=\/wp\/v2\/pages"}],"about":[{"href":"https:\/\/www.cafe-fritz-weil.de\/index.php?rest_route=\/wp\/v2\/types\/page"}],"author":[{"embeddable":true,"href":"https:\/\/www.cafe-fritz-weil.de\/index.php?rest_route=\/wp\/v2\/users\/1"}],"replies":[{"embeddable":true,"href":"https:\/\/www.cafe-fritz-weil.de\/index.php?rest_route=%2Fwp%2Fv2%2Fcomments&post=46"}],"version-history":[{"count":7,"href":"https:\/\/www.cafe-fritz-weil.de\/index.php?rest_route=\/wp\/v2\/pages\/46\/revisions"}],"predecessor-version":[{"id":1318,"href":"https:\/\/www.cafe-fritz-weil.de\/index.php?rest_route=\/wp\/v2\/pages\/46\/revisions\/1318"}],"wp:attachment":[{"href":"https:\/\/www.cafe-fritz-weil.de\/index.php?rest_route=%2Fwp%2Fv2%2Fmedia&parent=46"}],"curies":[{"name":"wp","href":"https:\/\/api.w.org\/{rel}","templated":true}]}}

<h2 class="wp-block-heading"><img loading="lazy" decoding="async" width="600" height="400" class="wp-image-1097" style="width: 600px;" src="https://www.cafe-fritz-weil.de/wp-content/uploads/2021/04/fototorte1-1024x682-2.jpg" alt="" srcset="https://www.cafe-fritz-weil.de/wp-content/uploads/2021/04/fototorte1-1024x682-2.jpg 1024w, https://www.cafe-fritz-weil.de/wp-content/uploads/2021/04/fototorte1-1024x682-2-300x200.jpg 300w, https://www.cafe-fritz-weil.de/wp-content/uploads/2021/04/fototorte1-1024x682-2-768x512.jpg 768w" sizes="auto, (max-width: 600px) 100vw, 600px" /></h2>


<p>Ihre Fototorte gibt es in Größen bis maximal DIN A4,</p>
<p>mit verschiedenen Geschmacksrichtungen<br />z.B. Schoko, Erdbeere, Aprikose, Zitrone, uvm.</p>
<p>Bestellung auch via Whatsapp oder Email möglich <a href="mailto:fritz@cafe-fritz-weil.de">fritz@cafe-fritz-weil.de </a><br />Einfach das Foto als Anhang einfügen und uns zusenden. Sie können das Bild dann innerhalb von ein bis zwei Werktagen bei uns abholen.<br />Mit einer Torte nach Wahl, aber auch ohne Torte.</p>

<p>Ihre Fototorte gibt es in Größen bis maximal DIN A4, mit verschiedenen Geschmacksrichtungenz.B. Schoko, Erdbeere, Aprikose, Zitrone, uvm. Bestellung auch via Whatsapp oder Email möglich fritz@cafe-fritz-weil.de Einfach das Foto als Anhang einfügen und uns zusenden. Sie können das Bild dann innerhalb von ein bis zwei Werktagen bei uns abholen.Mit einer Torte nach Wahl, aber auch &hellip; <a href="https://www.cafe-fritz-weil.de/?page_id=46" class="more-link"><span class="screen-reader-text">Fototorten</span> weiterlesen <span class="meta-nav">&rarr;</span></a></p>
